*c - r - r. Let g(z) = z**2 - 10*z + 11. What is the units digit of g(c)?
2
Let z = 14 - 11. Suppose z*m = m + 14. What is the units digit of m?
7
Suppose -5*t + n + 7 = 0, -2*n + 6 = -2*t - 6*n. Suppose -21 = -2*j - t. Suppose -j = -2*h + 16. What is the tens digit of h?
1
Let n = 11 - -3. Let v be (-88)/n - 4/(-14). Let h = v + 13. What is the units digit of h?
7
Suppose 2*f + 3*b - 27 = 0, 0 = -2*f - 4*b + 8*b + 20. What is the tens digit of f?
1
What is the hundreds digit of (0 - 6)/3 + (-1218)/(-6)?
2
Let q be (-1 - -6) + (-8)/(-8). Suppose -3 - 3 = -q*k. What is the units digit of k?
1
Suppose 0 = -n - 3*i + 2*i + 3, -n + i = -9. Let h = n - 3. Suppose 4*m = -3*l + 5, -h*m - 20 = -5*l + 2*m. What is the units digit of l?
3
Suppose 3*v = m + 530, 3*m + 166 = -0*v + v. What is the units digit of v?
8
What is the units digit of (24/(-32))/((-1)/(-4)) - -29?
6
Let a(w) = 2*w**2 + 2*w - 2. What is the tens digit of a(-3)?
1
Let d = 1 + 3. Suppose -l - d*i + 20 = -7*i, -61 = -5*l + 2*i. What is the units digit of l?
1
Let c(w) be the third derivative of w**4/24 - w**3/3 + w**2. Suppose 3*z + 2*j = 36, 0*z = -4*z - j + 43. What is the units digit of c(z)?
8
Suppose 86*v = 85*v + 60. What is the tens digit of v?
6
Let a(n) = -11*n**3 + n**2 - 4*n. Let c be (-3)/5*(-3 + -2). Let u be a(c). What is the units digit of u/(-21) + (-2)/7?
4
What is the tens digit of 32/(-3)*78/(-52)?
1
Let s be ((-6)/5)/((-45)/150). Suppose -3*w + 93 = s*i, -2*w = -0*i - 2*i - 48. What is the tens digit of w?
2
Let n = 9 - -3. Let h be (-75)/n - 1/(-4). What is the tens digit of ((-10)/(-3))/(h/(-27))?
1
Let b = 1 - -6. Suppose 2 = -2*s + 3*s. Suppose -s*k + i = -b, -3*k = -2*i - i - 18. What is the units digit of k?
1
What is the units digit of 10/65 + (-50)/(-13)?
4
Let y be (-3 + 5 - -63)*3. Suppose 4*i + i - y = 0. Suppose -i = j - 4*j. What is the tens digit of j?
1
Let s(m) = m - 12. Let k be s(8). Let a = k + 5. What is the units digit of a?
1
Suppose 5 = 5*m + 4*c, c = -c. What is the tens digit of 14 - -2 - (-1)/m?
1
Suppose -5 = -2*m + 45. Suppose 3*i + 31 = -0*i - 4*w, -i = 5*w + m. Let s = i - -11. What is the units digit of s?
6
Let r = -6 + 42. What is the tens digit of r?
3
Suppose -1 + 7 = 3*i. Suppose i*c = 4*c - 22. What is the units digit of (0 + -2 - 0) + c?
9
Suppose -2*f = -4*n + 10, n = -4*f + 1 - 3. Let z be (3/n)/(3/16). What is the units digit of (34/(-4))/((-4)/z)?
7
Suppose -4*c + 2*b + 3*b = -36, -2*c - 2*b = 0. Suppose 0*u = -u + c. What is the units digit of u?
4
Let y(s) = -s**3 + 18*s**2 + 2*s + 3. What is the tens digit of y(18)?
3
Suppose 0 = -3*j - 5*n + 175, 3*j + 4*n + 0*n = 173. What is the tens digit of j?
5
Let x = 6 + -3. Let k be 2*(-2)/(4/x). Let p = 1 - k. What is the units digit of p?
4
Let h be -1 + 4 - 1/1. Suppose -2*t + 106 = -h*b + 6*b, 3*t + 9 = b. What is the units digit of b?
4
Let p be ((-8)/(-10))/(10/500). Suppose 0*q - p = -5*q. What is the units digit of q?
8
Let u(l) = 9*l**2 - 2. Let j be u(2). Let y = -21 + j. What is the units digit of y?
3
What is the tens digit of ((-437)/(-38))/(2/12)?
6
Let d(z) = 5*z**3 - 2*z**2 + 2*z - 1. Let a be d(1). What is the units digit of (a - 1/(-1))*8?
0
Suppose 0 = -5*x + 8 + 72. What is the tens digit of x?
1
Let s(r) = r**3 - r**2 - 7*r + 4. Suppose 5 - 2 = a. What is the units digit of s(a)?
1
Let r(h) = -h**3 + 8*h**2 + 11*h - 8. Suppose -3*b + 36 = b. What is the tens digit of r(b)?
1
Let t(j) = -4*j. Let a be t(-1). Suppose -4 = -a*m - 8. Let y = 18 - m. What is the tens digit of y?
1
Let m = 24 + -5. Let d = 39 - m. What is the units digit of d?
0
Suppose -5 = -5*l + 2*t + 10, 0 = -2*t. Suppose l*q - 88 = -q. What is the units digit of q?
2
Let y = 4 - 2. Suppose 0 = y*s - 2*q - 112, -2*s + 0*s + 4*q + 116 = 0. What is the tens digit of s?
5
Let r be (-1 - (-2)/4)*-4. Suppose l + 19 = r*l. What is the units digit of l?
9
Let o = -88 + -26. What is the units digit of ((-2)/(-6))/((-2)/o)?
9
What is the units digit of 2 + ((-6)/(-2) - -6)?
1
Let x = 116 - -31. What is the hundreds digit of x?
1
Let j(m) = m**2 + 9*m + 9. Let a be j(-10). Suppose 2*t + 2 = -2*x, -3*x - 2*x + 3*t + a = 0. What is the units digit of x?
2
Suppose 3*f - 68 = -p, -2*f + 239 = 4*p - f. What is the units digit of p?
9
What is the tens digit of (-1532)/(-12) + 7/((-63)/6)?
2
What is the units digit of (210/(-9))/(2/(-3))?
5
Suppose -106 = -4*o - 0*o - 5*c, -5*o - 5*c = -130. Suppose 3*h - 26 = -y - h, -4*y + 4*h + 44 = 0. Let k = o - y. What is the units digit of k?
0
Suppose 5*o = -26 + 391. What is the units digit of o?
3
Let y(q) = 9*q**2 + q + 1. Let a = 7 + -5. What is the tens digit of y(a)?
3
What is the tens digit of (1 + 1)*303/8*4?
0
Suppose -4*l = 5*i + 2, 4*i - 20 = 5*l - l. Suppose -2*y = 2*a - 108, -5*y - 133 = -i*a - 368. What is the tens digit of y?
4
Suppose 6*m = 5*m + 35. What is the tens digit of m?
3
Let o be 6/(-15) - 202/(-5). Suppose 4*d + 3 = -3*x, -5*x = 5*d - 10*d + o. What is the units digit of d?
3
Let w = -45 - -70. Let a = w - 13. What is the tens digit of a?
1
Let t = 32 - -39. What is the units digit of t?
1
What is the units digit of 30/(-195) - 30/(-26)?
1
Suppose 6*q - 584 = 142. What is the tens digit of q?
2
Let a be (-7)/((-14)/(-4)) - 3. Let u = -1 - a. What is the units digit of u?
4
Suppose -5*s + 2*w + 220 = -w, -88 = -2*s - 4*w. What is the units digit of s?
4
Let b(u) = -u**2 + 3*u - 3. Let r be b(3). Let c(f) = 8*f**2 - 3*f - 2. Let x be c(r). Suppose 17 = v + s, -7*v + x = -2*v + 3*s. What is the tens digit of v?
1
Suppose -o + 65 = 4*o. Suppose -2*t + 2 + 0 = 4*h, h = 4*t - o. Suppose -5*v + 3*v - 10 = 0, 4*s + t*v + 7 = 0. What is the units digit of s?
2
Let p be (9/(-15))/((-1)/10). What is the tens digit of (-12)/(-8)*176/p?
4
Let q(t) = 0*t**3 - 7*t - 1 + 0 + 4*t**2 + t**3. Let o be (-10)/(-4 + 3 + 3). What is the units digit of q(o)?
9
Suppose -7 + 1 = 3*t, -3*n = -3*t - 105. Let a(s) = -s**3 - s**2 - 2. Let v be a(-2). Suppose n = 5*l - v*l. What is the tens digit of l?
1
Suppose -5*r = 5*l + 14 + 51, 0 = -5*r - 2*l - 53. Let n(q) = q**2 + 7*q - 10. What is the units digit of n(r)?
8
Suppose -2*u - 6 = u. What is the units digit of 183/6 - (-3)/u?
9
Let h(g) = -g**2 + 8*g - 3. Let t = -1 + 8. Let i be h(t). Suppose -10 = k - i*y, 2*k - y = -0*k + 1. What is the units digit of k?
2
Let a be ((-4)/(-5))/((-1)/5). What is the units digit of (9/6)/((-6)/a)?
1
Let u = -5 - -2. What is the tens digit of (-26)/(-1) + (-5 - u)?
2
Suppose 2*v = 3*y + 8, 4*y - 16 = -3*v - v. Let n be 0 + y + -1*19. What is the units digit of 3/12 - n/4?
5
Suppose 183 = 4*g - 2*b - 341, 2*g + 5*b = 250. What is the tens digit of g?
3
Let h be (8/4)/(1 + 0). Let k(q) = -q - 3*q**2 + 2*q**2 + h*q**3 - 3*q**3. What is the units digit of k(-1)?
1
Let b = 242 - 160. Suppose -5*y + 13 = -b. What is the tens digit of y?
1
Suppose -2*r - 81 = -3*r. Let l = -41 + r. Suppose 0 = 3*s - l + 1. What is the units digit of s?
3
Let w be (2 - -1)*(-5 - -4). Let r(g) = g**2 - 3. Let v be r(w). What is the units digit of 0 - -3 - (-7 + v)?
4
Suppose 9*a - 800 = -a. What is the units digit of a?
0
Let a(p) = p**3 - 6*p**2 + p - 1. Let r be a(6). Suppose -2*z + 7*z + r = 0. What is the units digit of (-3)/z - (-2 + 3)?
2
Let o = -1 + -3. Let f = -5 - o. Let s = f - -9. What is the units digit of s?
8
Let z(j) = -j**2 + 10*j - 13. Suppose 0 = 2*x - x - 7. What is the units digit of z(x)?
8
What is the units digit of -3 + ((-96)/9)/((-2)/3)?
3
Suppose 0 = -3*j + 7 + 2. Suppose 7*w - 3*w = m - 33, -3*m + j = 0. What is the units digit of (0 + 0)/2 - w?
8
Let l = 83 - -115. What is the tens digit of l?
9
Suppose -w = -3*d + w + 40, d + 5*w = 2. What is the units digit of (-8)/d - (-77)/3?
5
Let w = 18 - 16. Suppose -w*y + 2 = -4*k, -3 = y - 3*y + 3*k. What is the units digit of y?
3
What is the tens digit of 21 + (-5)/(20/12)?
1
Let y be 2 + (-1)/((-3)/3). Suppose 22 = y*o - o. What is the tens digit of o?
1
Suppose y + 72 = 2*y. What is the units digit of y?
2
Let g be 1 + 1*(-5)/1. What is the tens digit of (11 - -2) + 4/g?
1
Let s = 152 + -45. What is the hundreds digit of s?
1
Let q be 12/(-10)*15/(-9). Suppose g - 49 = q*w, -2*g - w + 3*w = -88. What is the tens digit of g?
3
What 